n**2 + 5*n**2 + 15*n**2. What is q(-1)?
-2
Let w(q) = -q**2 - 6*q**2 + 0*q**3 + q**3 - 2*q**3 + 4. Let l = 125 + -132. Determine w(l).
4
Suppose k + 6 - 15 = 0. Let x(o) = -k*o - 3 - o + o**2 + 5*o. Let a be 2/(-2) - 0 - -6. Give x(a).
-3
Let t(p) = -7 + 0*p + 8*p - 17*p + 22*p - p**2 + 0*p**2. Determine t(9).
29
Let s(m) = -4*m**2 + m - 1. Let u be s(1). Let b(i) = -i**3 + 7*i**2 - 4*i + 14. Let g be b(6). Let k(n) = -n - g + 10 + 16. Calculate k(u).
4
Let d be -4 + (3/(-3) - 0). Let i(s) be the first derivative of s**5/120 - 5*s**3/3 - 4. Let x(r) be the third derivative of i(r). What is x(d)?
-5
Let q(w) be the third derivative of w**8/20160 + w**7/1680 - w**6/720 + w**5/15 - 2*w**2. Let g(s) be the third derivative of q(s). Calculate g(-3).
-1
Let q be 35/((-25)/(-5)) + -4. Let k(u) = 0*u**q + 27*u**2 + 3 + u**3 - 24*u**2. What is k(-3)?
3
Let j(c) be the second derivative of -c**5/20 + c**4/12 - 2*c**2 + 2*c + 15. Suppose 2*g + 6 = 5*p, -4*p - 2*g - 4 = 2. Calculate j(p).
-4
Let a = 199 - 203. Let n(u) = -2*u + 1. Give n(a).
9
Let a(l) = -l - 5*l + 7*l - 5*l + 17 - l**2. Calculate a(-7).
-4
Let x = 248 - 242. Let v(a) = a**2 - 7*a + 7. Determine v(x).
1
Suppose 0 = k, -33 = 2*s - 3*k - 45. Let p(d) = -d**3 + 5*d**2 + 4*d + 8. Determine p(s).
-4
Let r(m) = 28*m. Let j(b) = b**3 + 37*b**2 + 37*b + 35. Let a be j(-36). Determine r(a).
-28
Let t(c) = c + 7. Let p(x) be the first derivative of x**2/2 + 6*x + 9. Let f(n) = 7*p(n) - 6*t(n). Give f(-1).
-1
Suppose -19*z - 1156 = -1327. Let p(h) = h**2 - 8*h + 2. Determine p(z).
11
Let b(t) = 0*t**3 - 11*t**2 + 5*t**2 + 0*t**3 - t**3 - 1692 - 6*t + 1690. Give b(-5).
3
Let f(n) be the second derivative of 0 + 0*n**2 - 5*n + 1/2*n**3 + 1/12*n**4. Determine f(3).
18
Let v(p) = -p**3 + 19*p**2 - 15*p - 44. Suppose 72*z = -3*a + 74*z + 58, 34 = 2*a + z. Determine v(a).
10
Let s(f) = -f**2 + 8*f + 8. Let v(b) = -b**3 + 2*b**2 + b - 4. Let p(q) = -q. Let y be p(-3). Let m be v(y). Let o = 19 + m. Determine s(o).
-1
Let h(s) = -57 - 67 + 125 + 2*s - 3*s. Let i = 0 - -1. What is h(i)?
0
Let q(a) be the second derivative of -a**5/20 + a**4/2 + 2*a**3/3 + 3*a**2 - 2*a - 14. Calculate q(6).
30
Let m(f) = f**2 - 4*f + 3. Let b be m(4). Let a(g) = -b - 2*g - 7*g**2 + g**3 + 11*g - 4*g. Determine a(6).
-9
Let q be (3/12*0)/3 - -45. Let a = q - 52. Let g(f) = f + 8. What is g(a)?
1
Let x(m) = 15*m + 28. Let i(s) = -5*s - 10. Let t(c) = -17*i(c) - 6*x(c). Determine t(2).
-8
Suppose 4*d = -d - 2*s - 29, 4*d + 22 = -2*s. Let h(f) = f**2 + 5*f - 6. Calculate h(d).
8
Suppose -12*g = -35*g. Let o(k) = k**2 + k - 5. Let d(y) = y**2 + y - 4. Let u(j) = -6*d(j) + 5*o(j). Calculate u(g).
-1
Let m(n) = -3*n + 4 + 0 + n**3 - 6*n**2 + 9*n. Let x = -37 - -38. Suppose z + 3*c + x = 0, 3*c - 18 + 49 = 5*z. Give m(z).
9
Let b(n) = -12*n + 15. Let a(z) = -4*z + 4. Let c(q) = -4*a(q) + b(q). Let i be 10/2 - (0 - -1). Give c(i).
15
Let y(i) = -i**3 - 6*i**2 + 7*i + 3. Let a be y(-7). Let d(w) = 3 + 3*w - w + 0 - a*w. Let c(x) = 2*x**2 - 20*x - 4. Let p be c(10). Determine d(p).
7
Suppose -n - 81*l = -76*l + 17, 0 = 2*n + 2*l + 10. Let d(y) = -y**3 + y + 1. Give d(n).
7
Let s(v) = 2*v - 7. Suppose -4*i + 31 - 7 = 0. Let f(u) = u - 3. Let w(o) = i*s(o) - 13*f(o). Let l be 28/(-6) + (-3)/9. Give w(l).
2
Let j = 5 - 0. Let x(v) = v - 6*v + j*v - 9 - v. Give x(-7).
-2
Let i(l) be the third derivative of -l**5/60 + l**4/3 + l**3/6 + 24*l**2. Let x(g) be the first derivative of i(g). Calculate x(7).
-6
Let q(z) = -z**3 - 7*z**2 + 10*z + 9. Let o(m) be the first derivative of -m**4/4 - m**3/3 - 3*m**2/2 - 8*m - 21. Let y be o(0). Determine q(y).
-7
Let d(a) be the first derivative of a**4/2 + 4*a**3/3 + 2*a**2 + 3*a + 113. Determine d(-2).
-5
Let q = 33 + -25. Let m(c) = -48*c**3 - 2*c**2 + 5*c. Let l(u) = 16*u**3 + u**2 - 2*u. Let x(h) = q*l(h) + 3*m(h). Let f be 1*(-2 + 3) + 0. What is x(f)?
-15
Let o(w) be the second derivative of w**7/840 - w**6/120 + w**5/120 + w**4/24 + 20*w**3/3 - 16*w - 2. Let p(k) be the second derivative of o(k). Determine p(3).
4
Let c(o) = -17 + 18 + o**2 + 2*o - 5*o**2 - o**3. Let i be c(2). Let x = -23 - i. Let d(h) = -h**2 - 2*h - 4. Determine d(x).
-12
Let j be (-8)/(-20) - 38/(-20)*4. Let o(y) = -7 + y**2 - 4 + j*y + 13 - 2*y**2. What is o(5)?
17
Let q(b) = -7*b**3 - 9*b**2 + 2*b + 7. Let r(l) = 11*l**3 + 15*l**2 - 4*l - 10. Let f(w) = -8*q(w) - 5*r(w). Give f(3).
6
Let m(w) be the first derivative of -w**4/8 - 3*w**2 + 8. Let h(k) be the second derivative of m(k). Give h(1).
-3
Let i(g) = -g**3 - g - 1. Let z(s) = -7*s**3 + 3*s**2 - s - 3. Let p(v) = -2*i(v) + z(v). Determine p(-1).
6
Let c be (-4)/6 + 17/3. Let k(o) = 279*o + 272*o - 547*o. Determine k(c).
20
Let c(t) = -24*t**2 + 2*t - 1. Let b be 3 + (-8)/5 + (-12)/30. Calculate c(b).
-23
Let f be -15 + (16 - 0) - 2/2. Let s(p) = -p**2 + 2*p + 9. Give s(f).
9
Suppose 0*m - m + 2 = 0. Suppose g - 15 = 4*r, -r - r = -3*g + 15. Let b(w) = 3 - w - g*w + 0*w + 0*w. What is b(m)?
-5
Let f(m) be the first derivative of -m**3/3 + m**2/2 - 12*m - 57. What is f(0)?
-12
Let g(n) = -2*n - 78 - 3*n + n**2 + 70. What is g(6)?
-2
Let y(h) = -13*h**2 - 67*h - 11. Let l be y(-5). Let o(z) = 8*z + 3. Calculate o(l).
-5
Suppose -71 = -38*s + 81. Let k(o) = o**3 - 6*o**2 - o + 8. Let a be k(6). Let t(z) = z + 0*z - z**3 + 4*z**a + 5 - 4. Calculate t(s).
5
Let c(l) = l - 1. Let i(t) = -5*t - 3. Let m(v) = 4*c(v) + i(v). Determine m(-8).
1
Let w(d) = -9*d + 4. Let o(f) = 4*f - 2. Let v(x) = -14*o(x) - 6*w(x). Let u = 11 - 7. What is v(u)?
-4
Suppose -2*n + 29 = 3*u - 6*n, 2*u = -3*n - 9. Let m(v) = -2 - 75*v**2 - 75*v**2 + 5*v + 0 + 149*v**2. What is m(u)?
4
Let j(k) be the first derivative of 5*k**4/4 - 3*k**3 - 4*k**2 - 17*k + 11. Let c(l) = 3*l**3 - 6*l**2 - 5*l - 11. Let t(q) = 8*c(q) - 5*j(q). What is t(-3)?
-3
Let b(j) = -503 - 9*j**2 + 1009 - 505. Give b(-1).
-8
Let a(v) = -37*v + 89*v + 16 - 54*v. Determine a(10).
-4
Let b(o) = o - 7. Let a(f) = -f**2 + 10*f + 179. Let l be a(-9). What is b(l)?
1
Let v(d) be the third derivative of -d**4/8 - 2*d**2. Let w(j) = -j**3 + 32*j - 18. Let m be w(-6). Give v(m).
-18
Let b be (0 - 4 - -4)*1. Let k(h) = b - 9*h**3 - h**2 + 5*h**3 + 1. What is k(-1)?
4
Let z(i) = 3*i**3 + 16*i**2 - 13*i. Let r be z(-6). Let h(f) = 5*f + 6. Determine h(r).
36
Suppose 19*a - 88 = 178. Let g(y) = y**2 - 15*y + 13. Determine g(a).
-1
Let r(l) = -9 + 2*l - 9 - 8 + 6. Let d be r(9). Let c be ((-28)/(-70))/(d/10). Let a(y) = -2*y**2 + 2. Calculate a(c).
-6
Let c(p) = 10*p + 74. Let s be c(-7). Let h(y) be the third derivative of y**4/24 - y**3/6 + 6*y**2. Give h(s).
3
Let v be 1/(-3) - 38/(-6). Suppose 9*d + 9 = v*d. Let k(a) = -a**3 - 2 + 3*a**2 - 6*a**2 - 1. Determine k(d).
-3
Let k(h) = h**2 - 23. Let p be k(-5). Suppose -n - 2*x = n - p, -4*x + 12 = 0. Let y(d) = -13*d. Determine y(n).
26
Let o(j) = 7*j. Let w(h) = 9*h. Let g(b) = -5*o(b) + 4*w(b). Give g(5).
5
Let f(v) be the second derivative of v**5/20 - v**3/6 + v. Suppose 18*w + 40 = 9*w + 49. What is f(w)?
0
Suppose -5*a - 3 = z, 25*z + 2*a = 20*z - 38. Let g(d) = -5*d. Determine g(z).
40
Let h be 5 + (-1 - (3 + -1)). Suppose -5*b = -3*s - 19, 2*b + s - 19 = 6*s. Let q(i) = 5 + i**2 - 1 - b + 5*i - h*i. What is q(-4)?
6
Let h(u) be the first derivative of -3*u**4/4 + u**3/3 + u**2/2 - 58. Determine h(2).
-18
Let b = 12 - 14. Let t(d) = -d**3 + d**2 + d + 2. Let m(u) = 3*u**3 - 2*u**2 - 3*u - 4. Let i(o) = 2*m(o) + 5*t(o). Calculate i(b).
0
Let j(f) = f**3 + 5*f**2 + 2*f - 3. Let u = 18 + 6. Suppose 0 = 4*b - 4*g + 19 + 13, g = 5*b + u. What is j(b)?
5
Let t(u) = -u**2 - 10*u + 17. Let k(q) = q**3 - 14*q**2 - 3*q + 30. Let d be k(14). Give t(d).
-7
Let r(a) = -a + 1. Let y(f) = 5*f - 10. Let z(p) = -4*r(p) - y(p). Let c = 142 - 136. Give z(c).
0
Let o(v) = v + 4. Let l be o(-7). Let d(u) = u**3 + 5*u**2 + 2*u - 5. Let t be d(l). Let n(m) = m. Calculate n(t).
7
Suppose d + d - 16 = 0. Let p(w) = 9*w**3 - 25*w**2 + 11*w - 17. Let o(z) = 5*z**3 - 13*z**2 + 5*z - 8. Let u(i) = 7*o(i) - 4*p(i). Determine u(d).
4
Let n(y) = -4*y - 7. Let a = 9 - 6. Suppose -3*k - 2*k - 20 = 0, -4*o - a*k + 8 = 0. Suppose o*c = -f - f - 35, 0 = 4*c + 20. Give n(f).
13
Let r(g) = 3*g - 4. Let h(w) = -w. Let v(i